0 (base 3) in base 9?
-50
Convert 15 (base 9) to base 10.
14
What is 10 (base 13) in base 2?
1101
What is 35 (base 11) in base 12?
32
Convert bd (base 15) to base 6.
454
Convert -20 (base 4) to base 9.
-8
Convert 89 (base 10) to base 12.
75
What is 6 (base 7) in base 8?
6
Convert -1 (base 9) to base 6.
-1
Convert c (base 13) to base 12.
10
What is -6 (base 10) in base 16?
-6
-2 (base 13) to base 2
-10
Convert a (base 14) to base 16.
a
-5 (base 11) to base 10
-5
What is 17 (base 12) in base 8?
23
What is -6 (base 11) in base 10?
-6
Convert -66 (base 15) to base 10.
-96
What is -27 (base 15) in base 5?
-122
What is -6 (base 13) in base 10?
-6
Convert 340 (base 6) to base 14.
96
What is -4b (base 13) in base 16?
-3f
What is -124 (base 6) in base 2?
-110100
Convert -62 (base 9) to base 12.
-48
What is -3 (base 16) in base 14?
-3
Convert -34 (base 9) to base 8.
-37
22 (base 8) to base 10
18
0 (base 4) to base 14
0
Convert 37 (base 11) to base 14.
2c
What is 1 (base 12) in base 6?
1
0 (base 7) to base 2
0
-24 (base 6) to base 11
-15
1 (base 16) to base 8
1
What is 11 (base 2) in base 7?
3
-4 (base 12) to base 13
-4
2 (base 13) to base 10
2
What is -2201 (base 3) in base 5?
-243
Convert 1111 (base 2) to base 3.
120
What is -7a (base 14) in base 11?
-99
-5 (base 13) to base 5
-10
Convert -10000111 (base 2) to base 7.
-252
What is 68 (base 10) in base 11?
62
What is 1 (base 9) in base 8?
1
What is 6 (base 8) in base 15?
6
What is 98 (base 16) in base 4?
2120
What is 0 (base 2) in base 11?
0
-30 (base 15) to base 10
-45
What is -24 (base 12) in base 5?
-103
-3 (base 4) to base 11
-3
-3 (base 14) to base 3
-10
Convert 1 (base 15) to base 16.
1
Convert -1101 (base 2) to base 7.
-16
What is 1 (base 3) in base 7?
1
What is 12 (base 12) in base 9?
15
-3 (base 5) to base 16
-3
What is 0 (base 5) in base 16?
0
Convert -6 (base 7) to base 12.
-6
What is -3a (base 12) in base 5?
-141
Convert -2 (base 9) to base 11.
-2
Convert -9 (base 15) to base 7.
-12
Convert -3 (base 10) to base 15.
-3
-100 (base 2) to base 6
-4
-15 (base 12) to base 5
-32
-10 (base 2) to base 10
-2
2 (base 13) to base 3
2
What is 1 (base 10) in base 12?
1
Convert -10100 (base 2) to base 15.
-15
What is -155 (base 7) in base 16?
-59
-1110 (base 3) to base 6
-103
Convert 100 (base 2) to base 9.
4
-101 (base 4) to base 6
-25
Convert 2 (base 15) to base 7.
2
Convert -324 (base 8) to base 13.
-134
Convert -6 (base 10) to base 8.
-6
What is -8 (base 15) in base 2?
-1000
Convert -45 (base 9) to base 10.
-41
Convert 111 (base 2) to base 8.
7
Convert 4 (base 14) to base 8.
4
Convert -2 (base 10) to base 16.
-2
What is 440 (base 5) in base 13?
93
Convert -111 (base 3) to base 6.
-21
c (base 14) to base 11
11
What is 19 (base 16) in base 11?
23
Convert -6 (base 14) to base 13.
-6
-1 (base 3) to base 7
-1
What is 62 (base 7) in base 11?
40
What is 1001011 (base 2) in base 16?
4b
1032 (base 5) to base 12
ba
What is -1 (base 9) in base 7?
-1
Convert -21 (base 4) to base 12.
-9
Convert 101 (base 13) to base 12.
122
What is 3 (base 16) in base 11?
3
What is 3 (base 8) in base 7?
3
340 (base 6) to base 10
132
What is -10 (base 4) in base 16?
-4
-6 (base 8) to base 12
-6
Convert 1e0 (base 15) to base 4.
12303
What is -107 (base 12) in base 13?
-b8
What is -8 (base 16) in base 5?
-13
What is -72 (base 10) in base 3?
-2200
Convert -154 (base 11) to base 13.
-10b
Convert 4 (base 14) to base 5.
4
Convert -14 (base 7) to base 10.
-11
What is 3 (base 11) in base 15?
3
What is -20 (base 4) in base 7?
-11
What is -9 (base 16) in base 12?
-9
5 (base 6) to base 13
5
Convert 25 (base 10) to base 16.
19
-330 (base 4) to base 16
-3c
Convert -5 (base 15) to base 4.
-11
Convert 21 (base 3) to base 16.
7
Convert -5 (base 11) to base 9.
-5
Convert 10 (base 4) to base 15.
4
What is -1 (base 7) in base 10?
-1
-1 (base 2) to base 8
-1
-4 (base 9) to base 16
-4
51 (base 13) to base 9
73
What is -7 (base 8) in base 15?
-7
Convert -1000 (base 2) to base 7.
-11
What is -3a (base 11) in base 10?
-43
-6 (base 15) to base 13
-6
-b (base 12) to base 14
-b
75 (base 8) to base 12
51
1023 (base 4) to base 10
75
What is 11 (base 9) in base 14?
a
-3 (base 13) to base 8
-3
Convert -1 (base 13) to base 5.
-1
Convert -11 (base 5) to base 15.
-6
Convert 1 (base 9) to base 6.
1
0 (base 9) to base 7
0
136 (base 7) to base 4
1030
What is 10 (base 3) in base 11?
3
c (base 16) to base 6
20
-11 (base 12) to base 9
-14
What is 42 (base 8) in base 10?
34
6 (base 16) to base 2
110
Convert 3 (base 8) to base 10.
3
What is -10 (base 6) in base 12?
-6
What is -11220 (base 3) in base 5?
-1012
Convert 25 (base 12) to base 9.
32
Convert 210 (base 4) to base 13.
2a
50 (base 14) to base 12
5a
Convert -1 (base 6) to base 10.
-1
-281 (base 10) to base 13
-188
Convert 45 (base 7) to base 2.
100001
Convert -48 (base 10) to base 16.
-30
What is -12 (base 14) in base 5?
-31
Convert 1 (base 2) to base 13.
1
What is -135 (base 6) in base 13?
-47
-3 (base 15) to base 9
-3
What is -52 (base 8) in base 2?
-101010
3 (base 4) to base 11
3
Convert -27 (base 9) to base 7.
-34
3 (base 15) to base 4
3
-223 (base 7) to base 10
-115
What is 33 (base 11) in base 7?
51
Convert -6 (base 9) to base 3.
-20
0 (base 3) to base 8
0
Convert 14 (base 8) to base 11.
11
62 (base 12) to base 7
134
Convert -10 (base 14) to base 2.
-1110
Convert 1424 (base 5) to base 11.
1a8
What is -4 (base 14) in base 10?
-4
Convert -555 (base 6) to base 8.
-327
-83 (base 15) to base 7
-234
What is 110001 (base 2) in base 11?
45
3 (base 8) to base 7
3
What is 1010000 (base 2) in base 16?
50
Convert 224 (base 6) to base 7.
154
Convert 0 (base 11) to base 8.
0
Convert 66 (base 11) to base 15.
4c
1e (base 16) to base 12
26
Convert 1101 (base 2) to base 12.
11
What is -3 (base 12) in base 5?
-3
What is -1 (base 5) in base 15?
-1
Convert -1001 (base 2) to base 7.
-12
Convert -31 (base 5) to base 15.
-11
Convert -34 (base 16) to base 7.
-103
Convert -2 (base 13) to base 7.
-2
What is -4b (base 15) in base 7?
-131
What is -20010 (base 3) in base 12?
-119
-40 (base 15) to base 3
-2020
11010 (base 2) to base 13
20
What is -102 (base 4) in base 2?
-10010
211 (base 5) to base 7
110
Convert 33 (base 4) to base 14.
11
1a (base 11) to base 13
18
What is 19 (base 16) in base 14?
1b
What is 60 (base 11) in base 9?
73
What is 10 (base 3) in base 14?
3
0 (base 8) to base 11
0
-443 (base 6) to base 13
-102
What is 10 (base 2) in base 13?
2
What is 10 (base 3) in base 7?
3
-10 (base 7) to base 8
-7
What is -16 (base 12) in base 11?
-17
Convert -2 (base 16) to base 4.
-2
Convert -3 (base 6) to base 7.
-3
What is 2 (base 8) in base 5?
2
What is -231 (base 5) in base 6?
-150
11 (base 11) to base 7
15
What is 79 (base 12) in base 6?
233
-212 (base 4) to base 9
-42
What is -10101111 (base 2) in base 11?
-14a
Convert 2 (base 12) to base 5.
2
Convert 2 (base 14) to base 7.
2
What is 14 (base 7) in base 13?
b
56 (base 15) to base 16
51
-145 (base 13) to base 11
-196
What is 102 (base 3) in base 16?
b
15 (base 13) to base 4
102
202 (base 5) to base 4
310
Convert 183 (base 9) to base 12.
110
What is 150 (base 11) in base 7?
341
Convert -7 (base 8) to base 2.
-111
What is -1 (base 16) in base 6?
-1
What is -25 (base 11) in base 9?
-30
120 (base 8) to base 14
5a
Convert -7 (base 9) to base 2.
-111
What is -a (base 11) in base 8?
-12
-132 (base 4) to base 3
-1010
What is -1 (base 16) in base 3?
-1
Convert 8 (base 14) to base 11.
8
What is 1 (base 4) in base 3?
1
What is -3 (base 9) in base 3?
-10
Convert -11 (base 13) to base 5.
-24
Convert 0 (base 13) to base 16.
0
11 (base 2) to base 7
3
Convert 2 (base 11) to base 9.
2
330 (base 5) to base 6
230
Convert -2 (base 10) to base 5.
-2
What is -6 (base 13) in base 10?
-6
What is 20 (base 6) in base 15?
c
66 (base 11) to base 7
132
101 (base 2) to base 9
5
What is -20 (base 16) in base 4?
-200
Convert 59 (base 11) to base 3.
2101
What is -22 (base 3) in base 5?
-13
What is -6a (base 11) in base 13?
-5b
44 (base 8) to base 4
210
What is 3 (base 6) in base 15?
3
-1 (base 10) to base 13
-1
-8 (base 15) to base 14
-8
102 (base 5) to base 13
21
What is -1224 (base 5) in base 8?
-275
What is 86 (base 10) in base 2?
1010110
Convert 2 (base 10) to base 9.
2
Convert 30 (base 10) to base 9.
33
Convert